t is the highest common factor of 156 and y?
12
Let o = -62 - -125. Suppose 144 = -433*u + 441*u. Calculate the greatest common factor of o and u.
9
Let q = 412 + -321. What is the highest common divisor of 7 and q?
7
Let a be 1595/99 + (-1)/9. Let l be 8/a*(-2 - -10). What is the greatest common divisor of l and 4?
4
Suppose -284 = -4*q + 4*c - 0*c, -5*q - 5*c = -325. What is the greatest common factor of q and 102?
34
Let t(d) = 11*d**2 - 20*d + 35 - 4*d**2 - 6*d**2. Let p be t(16). Let l = -21 - p. What is the greatest common divisor of 4 and l?
4
Suppose -200*d + 260 = -195*d. What is the highest common divisor of d and 156?
52
Suppose 3*f - 2*b - 15 = -5*b, 5*f - 52 = 4*b. Suppose f*a - 435 = 77. What is the highest common divisor of a and 8?
8
Let c = -4 + 11. Let h be (10/c)/(4/28). Let x be -4 - 16*3/(24/(-22)). What is the greatest common divisor of h and x?
10
Let w(n) = n**3 + 6*n**2 - n - 3. Let i be w(-6). Suppose l + i*d - 28 = -0*l, l - 2*d - 23 = 0. Calculate the greatest common divisor of 100 and l.
25
Let x = 16 + 2. Suppose 3*q + 8 - 14 = 0. What is the greatest common divisor of x and q?
2
Let q(i) = i + 33. Let d be (-14)/(-35) - (-82)/(-5). Let u be q(d). What is the highest common factor of u and 34?
17
Let z(u) = 1. Let x(k) = 6*k + 12. Let c be -2 + 2/2 - 11. Let i(d) = c*z(d) + x(d). Let f be i(2). Calculate the highest common divisor of f and 30.
6
Suppose -5*h + 24 - 4 = 0. Let k(x) = x**3 - 5*x**2 + 7*x - 5. Let q be k(h). Calculate the greatest common divisor of 2 and q.
1
Let o be 18/1 - (9 + -1 + -14). Calculate the highest common divisor of o and 696.
24
Let m be -1 - -2 - (-23 - -2). Suppose -3*t + m = -23. What is the highest common factor of 120 and t?
15
Let s be -5*1/(25/(-70)). Let b(x) = -2 + 4*x + 3*x**2 + 0*x**2 - x + 2*x. Let f be b(5). What is the highest common divisor of s and f?
14
Let k(v) = -1 + 2 - 9*v - 32*v. Let l be k(-1). Suppose 2*n - 89 = -2*n - 5*s, -2*s = 2*n - l. Calculate the greatest common divisor of 80 and n.
16
Suppose 0 = -3*b - 13 + 19. Let s = 0 + b. What is the greatest common divisor of s and 22?
2
Suppose -366 - 596 = 2*g. Let t = g + 678. Suppose -5*w + 6*w = -5*u + t, 2*u - 2*w = 86. What is the highest common factor of u and 10?
10
Let a(x) be the first derivative of -x**3/3 + 6*x**2 - 31*x - 19. Let h be a(8). What is the highest common divisor of h and 2?
1
Let l = -230 + 450. Calculate the highest common divisor of l and 88.
44
Let d(r) = 3*r - 43. Let l be 5/(((-6)/(-3))/(-16)*-2). Let w be d(l). Calculate the highest common divisor of w and 68.
17
Suppose -4*l = 5*o - 679, -4*l + 3*o + 719 = -0*o. Suppose -3*f - 16*x + 60 = -20*x, 0 = -4*f - 3*x + 55. Calculate the highest common factor of l and f.
16
Suppose 0 = -6*l + 209 + 331. Calculate the highest common divisor of l and 18.
18
Suppose 13*x - 429 = 2*x. Suppose 3*d + 4*v - 13 = 0, 0*d = -5*d + 2*v + x. Let z(f) = f**2 + 7. Let u be z(0). Calculate the greatest common factor of d and u.
7
Let u be (-4)/10 + 1654/10. Suppose h + 42 = 3*w, 2*w - 3*h = -3*w + 66. Calculate the highest common divisor of u and w.
15
Suppose 0 = 4*h + 20, 4*d = -0*d + h + 117. Suppose i - 28 = -8. Suppose 4*k = i, m - 3*k = -0*m + 55. Calculate the highest common factor of m and d.
14
Let y(w) = 298*w**2 - 13*w + 1. Let z be y(1). What is the highest common divisor of 26 and z?
26
Suppose -65 = -w + 4*l, -3*l = 5*w - 4*l - 287. Let h(z) = -13*z - 2. Let r be h(3). Let s = r + 60. Calculate the greatest common factor of s and w.
19
Let h be 3/(-18)*-3 + (-471)/(-6). Suppose -4*w = -h + 31. Calculate the greatest common factor of w and 24.
12
Let i be 672/(-21)*(-1 + 0). What is the greatest common factor of i and 416?
32
Let t(f) be the third derivative of f**5/60 + f**4/3 + 5*f**3/6 + 12*f**2. Let s be t(-9). What is the highest common factor of s and 14?
14
Suppose 6*p - 11*p = 3*y - 635, 5*p + 595 = 3*y. Let m be (-164)/(-8)*2*1. Calculate the greatest common divisor of y and m.
41
Suppose 4*t = -5*q - 75 + 332, 0 = 3*q + t - 157. What is the greatest common factor of 106 and q?
53
Let d be (0*(0 - 2/(-4)))/1. Let v(f) = -f**3 - 2*f**2 - 2*f + 7. Let u be v(d). Calculate the greatest common divisor of 35 and u.
7
Let h(l) = -5*l + 6. Let w be h(1). Calculate the highest common divisor of w and 7.
1
Suppose -4*s = 2*w - 8, 6 = 20*s - 17*s + 4*w. Calculate the highest common factor of 812 and s.
2
Let h = -1788 - -1893. What is the greatest common divisor of h and 21?
21
Let x = -16 - -29. Suppose -h = -94 + 3. Calculate the highest common divisor of h and x.
13
Let g = 2 - 2. Suppose -m - 190 + 47 = -4*o, g = -3*o - 3*m + 96. What is the greatest common divisor of o and 315?
35
Let u = 10 + -6. Suppose -5*g = -u*g - 2. Let y be (-40)/(3/(-6)*g). Calculate the greatest common divisor of 5 and y.
5
Let a(s) be the third derivative of -s**5/60 + s**4/4 + 3*s**3/2 + 10*s**2. Let q be a(4). Calculate the highest common divisor of 119 and q.
17
Suppose 7*n - 6*n = 19. Let b be (-10*(-13 - -3))/(-1). Let g = 157 + b. Calculate the greatest common factor of g and n.
19
Let h be (306*-1)/(-3) + -2. What is the highest common divisor of h and 75?
25
Let c(y) = -146*y - 536. Let a be c(-10). Calculate the greatest common divisor of 60 and a.
12
Let g be (-84)/(-21)*(9/2 + -2). Suppose -3*n + 179 = 29. Calculate the greatest common factor of g and n.
10
Let a(x) = -x**3 + 4*x + 2. Let g be a(-4). Calculate the highest common divisor of g and 50.
50
Suppose -7*o + 14*o = 14. Suppose 4 = 5*h - 3*z, 0*h = -2*h + o*z. What is the highest common divisor of 1 and h?
1
Let q = -13 + 11. Let m be 4 + (-1)/(q/10). Let i be ((-6)/m)/((-2)/3). Calculate the greatest common factor of i and 3.
1
Suppose 663 = -211*p + 214*p. Calculate the highest common divisor of 26 and p.
13
Let p(g) = g**2 - 6*g + 2. Let n(o) = -2*o**2 - 11*o + 12. Let m be n(-6). Let c be p(m). What is the highest common factor of 10 and c?
2
Let s = 627 + -534. Calculate the greatest common divisor of s and 62.
31
Let y(i) be the second derivative of 1/2*i**3 + 0 + 3*i + i**2. Let p be y(4). What is the highest common factor of p and 98?
14
Let n(a) = 4 + a + 3 + 7 - 3. Let r be n(9). Calculate the greatest common factor of 20 and r.
20
Let p(s) = -s**3 + 40*s**2 - 175*s + 12. Let u be p(35). Suppose -624 = -3*q - q. What is the highest common divisor of u and q?
12
Let v = -19 - -95. Suppose 2*f - 3*u = -60, 5*f + 0*u = 3*u - 150. Let a = f + 49. Calculate the highest common factor of v and a.
19
Let l be ((-29)/1*1)/(-1). Let v = l - 15. Suppose 2*n - v = 24. Calculate the highest common factor of 19 and n.
19
Let l be -3 + 1 + -1 - 3. Let q = 2 + l. Let i = 14 - q. What is the highest common factor of 2 and i?
2
Suppose -2*k + 61 = 5. Let d(a) be the first derivative of a**2 + 12*a + 15. Let o be d(15). What is the greatest common divisor of k and o?
14
Suppose -17*z + 18 = -19*z. Let t be 1 - (4 - 0) - z. Calculate the highest common factor of t and 9.
3
Let c be (0 - -6)/((-143)/(-1430)). What is the greatest common divisor of c and 210?
30
Let z(r) = 6*r**3 + 3*r**2 + 15*r - 33. Let y be z(2). Let q = 29 + -10. What is the highest common divisor of y and q?
19
Suppose 3*u = 9, -f - f - 7 = 3*u. Let c = f + 18. What is the highest common factor of c and 40?
10
Suppose -86 = -4*i + 434. Let a = 220 - i. What is the greatest common divisor of 10 and a?
10
Let n = -1235 - -1251. What is the highest common divisor of 64 and n?
16
Suppose -3*o + 7 = -2*k - 0, -28 = 2*k + 4*o. Let z be k/(-20) - 268/(-5). Calculate the greatest common divisor of z and 36.
18
Let x(i) = 0*i + i - 43 + 4*i**2 + 44. Let p be x(-1). Suppose p*j + 5*q = 27, 2*q + 3 = j + 7*q. What is the greatest common factor of j and 72?
8
Let r be (-18 - -1) + 4/1. Let n = -5 - r. Let g(y) = y**2 - 7*y + 8. Let f be g(7). What is the highest common divisor of f and n?
8
Let y(u) = 95*u**2 - 4*u + 1. Let m be y(1). What is the highest common divisor of 8 and m?
4
Let u be (-925)/(-30) + (-3)/(-18). What is the highest common factor of u and 1333?
31
Suppose -10*a + 8*a - 86 = 0. Let j = a - -50. What is the highest common factor of 7 and j?
7
Let k(l) = 144*l - 252. Let f be k(11). What is the highest common divisor of 